113 a prime number?
False
Is 8514197438 a prime number?
False
Is 417236507 a composite number?
False
Is 1185383621 prime?
True
Is 9420308659 a composite number?
False
Is 13748393339 composite?
False
Is 3240212999 prime?
False
Is 1610331193 composite?
False
Is 2457815137 prime?
False
Is 122917477 composite?
True
Is 27751724419 a composite number?
True
Is 910649723 a composite number?
True
Is 61023247 a composite number?
True
Is 284275553 a composite number?
True
Is 107344146913 a prime number?
True
Is 404032683 prime?
False
Is 2613729971 prime?
True
Is 2559646697 a composite number?
True
Is 3460861147 a prime number?
True
Is 26862533617 prime?
True
Is 1269058229 composite?
True
Is 508706713 composite?
False
Is 170671803 prime?
False
Is 94964141273 a composite number?
True
Is 29009730067 a composite number?
True
Is 121343306407 composite?
True
Is 2049252869 prime?
True
Is 3404022353 a prime number?
False
Is 1430628721 a composite number?
False
Is 171402186049 prime?
True
Is 4169815567 composite?
True
Is 364192811 a prime number?
True
Is 10853344841 a prime number?
False
Is 11545656917 a prime number?
True
Is 1390229623 composite?
True
Is 5803075219 composite?
True
Is 136918481785 a composite number?
True
Is 95358470533 a prime number?
True
Is 99692646149 prime?
True
Is 733907383 a composite number?
True
Is 1721470837 a composite number?
True
Is 1712920991 a composite number?
False
Is 19775205103 a prime number?
False
Is 94864639543 composite?
True
Is 346212043 a prime number?
True
Is 2763776363 a composite number?
True
Is 150855491757 a prime number?
False
Is 1021897907 a prime number?
True
Is 150136454537 a prime number?
True
Is 40190657259 a prime number?
False
Is 31540272349 prime?
False
Is 6525112141 composite?
False
Is 9020348713 a composite number?
True
Is 111929941 a prime number?
False
Is 1181658613 a composite number?
True
Is 317951771 composite?
False
Is 23922169417 a prime number?
False
Is 257752871 prime?
False
Is 30470939 prime?
False
Is 11828576887 a prime number?
False
Is 677105933 prime?
False
Is 3711466601 a composite number?
False
Is 32506522601 prime?
False
Is 25602923 composite?
False
Is 19191818981 prime?
True
Is 930635099 a composite number?
False
Is 15748949011 a prime number?
False
Is 18366300167 prime?
False
Is 104332549481 a prime number?
False
Is 64756611341 prime?
False
Is 982963061 a prime number?
False
Is 1413909821 composite?
True
Is 63900821417 prime?
True
Is 117008854055 prime?
False
Is 1763809 a composite number?
True
Is 148524443 prime?
True
Is 6772748921 a prime number?
False
Is 106143197969 composite?
False
Is 467261 composite?
False
Is 14527435337 composite?
True
Is 10277642783 a prime number?
False
Is 712073357 a prime number?
True
Is 354303143 prime?
True
Is 3267561229 a composite number?
False
Is 70339489489 prime?
False
Is 379701901 a composite number?
True
Is 933429407 prime?
True
Is 241456748177 composite?
False
Is 4802599811 a composite number?
False
Is 86869031349 composite?
True
Is 246648947 prime?
True
Is 107481077 composite?
True
Is 30114546229 prime?
True
Is 235928080849 a prime number?
False
Is 2923624883 composite?
True
Is 336924829 a prime number?
False
Is 10209495437 prime?
True
Is 602618797 a composite number?
True
Is 30920095783 composite?
False
Is 564846431 a composite number?
False
Is 902367311 a composite number?
True
Is 45883261 composite?
False
Is 2701802867 prime?
True
Is 3550688105 composite?
True
Is 4091492557 prime?
False
Is 689252747 prime?
True
Is 286499687 a composite number?
False
Is 929120207 composite?
False
Is 315891847 composite?
True
Is 20821369853 composite?
False
Is 7949673133 prime?
False
Is 111334082749 prime?
True
Is 1337022551 a composite number?
False
Is 16022767 composite?
False
Is 1531347173 composite?
True
Is 34823899189 a composite number?
False
Is 4463948719 a prime number?
False
Is 2864397689 a prime number?
True
Is 108736227659 prime?
False
Is 10232394203 prime?
True
Is 112720367 a composite number?
False
Is 117749097689 prime?
False
Is 8786935009 prime?
True
Is 9189213659 a composite number?
False
Is 73785557841 composite?
True
Is 14282565463 a prime number?
False
Is 1048431211 prime?
True
Is 878906029 a composite number?
True
Is 1447854019 prime?
False
Is 8913463563 a composite number?
True
Is 146038817 a composite number?
False
Is 22126874359 a prime number?
False
Is 2267529877 prime?
False
Is 1527880951 a prime number?
True
Is 438923 prime?
False
Is 313877671 prime?
True
Is 50581099 composite?
True
Is 508051573 prime?
False
Is 4730101697 prime?
True
Is 71024939 composite?
False
Is 145782041 a composite number?
True
Is 1742413063 composite?
True
Is 141085869173 prime?
True
Is 1815406871 a composite number?
False
Is 15682301203 a composite number?
True
Is 59548481879 prime?
True
Is 2799815167 prime?
False
Is 1962772853 a prime number?
True
Is 2852230442 prime?
False
Is 144669571 composite?
False
Is 638414969 a composite number?
False
Is 1075477013 a composite number?
True
Is 8370551201 a composite number?
False
Is 16925601643 a composite number?
True
Is 145752631793 a prime number?
False
Is 81119900159 a prime number?
False
Is 82071497 a composite number?
True
Is 121312397 composite?
True
Is 1814469407 composite?
False
Is 413067607 composite?
False
Is 3497236213 a composite number?
False
Is 21189551605 prime?
False
Is 27019873 a composite number?
False
Is 13986043867 prime?
True
Is 8575985109 prime?
False
Is 808776797 a prime number?
True
Is 23311804273 prime?
False
Is 45179663251 a prime number?
True
Is 48166497989 a composite number?
False
Is 13541307929 composite?
False
Is 6941139197 a prime number?
True
Is 14449782989 a prime number?
False
Is 1003206791 prime?
True
Is 28066243 composite?
False
Is 321685267 a prime number?
True
Is 3212455459 a composite number?
False
Is 2880167683 a prime number?
False
Is 6675343903 composite?
True
Is 1617172211 a prime number?
False
Is 3644743363 a prime number?
True
Is 1177958143 prime?
False
Is 2372291347 prime?
True
Is 47775964969 prime?
False
Is 11286382981 a composite number?
False
Is 22540529611 a composite number?
True
Is 6141777947 a prime number?
True
Is 5568565333 a composite number?
True
Is 99136871471 a composite number?
True
Is 520678838 prime?
False
Is 20569591733 a prime number?
True
Is 1102431943 composite?
True
Is 715417149 a composite number?
True
Is 42777505003 a composite number?
True
Is 15343618673 a composite number?
False
Is 12582732667 a composite number?
False
Is 361346129 a composite number?
False
Is 9420223817 composite?
True
Is 31798942979 prime?
False
Is 4427579659 a composite number?
False
Is 3084954391 a composite number?
True
Is 14711061107 composite?
True
Is 4155812207 composite?
False
Is 2202237995 a prime number?
False
Is 25915750111 prime?
False
Is 1073172977 a prime number?
True
Is 31330131221 prime?
True
Is 1135286053 a composite number?
True
Is 27882005903 composite?
False
Is 839571923 a composite number?
True
Is 297203182 prime?
False
Is 55050463 a composite number?
True
Is 1368956551 a prime number?
True
Is 9223904351 a prime number?
False
Is 2056319961 a prime number?
False
Is 292909789 a prime number?
False
Is 1050314827 a composite number?
True
Is 2999301179 a composite number?
True
Is 551204279 prime?
True
Is 329897647 prime?
True
Is 3360795553 prime?
True
Is 144512237 prime?
False
Is 2028537383 a prime number?
False
Is 260533877 composite?
False
Is 453991309 prime?
False
Is 3610895501 prime?
True
Is 415837445 a composite number?
True
Is 11261976445 composite?
True
Is 9745963931 a prime number?
False
Is 9876311119 composite?
False
Is 39563371997 a prime number?
True
Is 1030016953 composite?
True
Is 3407061374 composite?
True
Is 7875317299 prime?
True
Is 38181833785 composite?
True
Is 1421172419 composite?
True
Is 4799644167 a composite number?
True
Is 22367995411 a prime number?
False
Is 280590587 composite?
True
Is 48179189 a prime number?
True
Is 447606673 a composite number?
True
Is 155738847343 composite?
False
Is 3240068951 composite?
True
Is 508217653 a composite number?
False
Is 17344768799 a composite number?
False
Is 874931971 composite?
False
Is 73076835233 a prime number?
True
Is 10573240681 prime?
True
Is 67065169273 composite?
True
Is 102150197 a prime numbe